{"id":28,"date":"2025-01-01T15:09:34","date_gmt":"2025-01-01T12:09:34","guid":{"rendered":"http:\/\/multeciler.org.tr\/eng\/?page_id=28"},"modified":"2025-01-07T14:04:23","modified_gmt":"2025-01-07T11:04:23","slug":"supervisory-board","status":"publish","type":"page","link":"https:\/\/multeciler.org.tr\/eng\/supervisory-board\/","title":{"rendered":"Board of Auditors"},"content":{"rendered":"<p><img fetchpriority=\"high\" decoding=\"async\" class=\"alignnone size-full wp-image-18475\" title=\"Board of Auditors\" src=\"https:\/\/multeciler.org.tr\/wp-content\/uploads\/2019\/12\/denetleme-kurulu.jpg\" alt=\"Saat\" width=\"1140\" height=\"500\" \/><\/p>\n\n<table id=\"tablepress-10\" class=\"tablepress tablepress-id-10\">\n<thead>\n<tr class=\"row-1\">\n\t<th class=\"column-1\">NAME<\/th><th class=\"column-2\">POSITION<\/th>\n<\/tr>\n<\/thead>\n<tbody class=\"row-striping row-hover\">\n<tr class=\"row-2\">\n\t<td class=\"column-1\">Ey\u00fcp CO\u015eKUN<\/td><td class=\"column-2\">President of Supervisory Board<\/td>\n<\/tr>\n<tr class=\"row-3\">\n\t<td class=\"column-1\">Yasin DEM\u0130RA\u011e<\/td><td class=\"column-2\">Vice President<\/td>\n<\/tr>\n<tr class=\"row-4\">\n\t<td class=\"column-1\">Niyazi BA\u015eER<\/td><td class=\"column-2\">Member<\/td>\n<\/tr>\n<tr class=\"row-5\">\n\t<td class=\"column-1\">Siyami Y\u00dcCEL<\/td><td class=\"column-2\">Reserve Member<\/td>\n<\/tr>\n<tr class=\"row-6\">\n\t<td class=\"column-1\">S\u00fcheyla \u00d6ZT\u00dcRK<\/td><td class=\"column-2\">Reserve Member<\/td>\n<\/tr>\n<tr class=\"row-7\">\n\t<td class=\"column-1\">Erol AKBULUT<\/td><td class=\"column-2\">Reserve Member<\/td>\n<\/tr>\n<\/tbody>\n<\/table>\n<!-- #tablepress-10 from cache -->\n","protected":false},"excerpt":{"rendered":"","protected":false},"author":1,"featured_media":3547,"parent":0,"menu_order":0,"comment_status":"closed","ping_status":"closed","template":"","meta":{"neve_meta_sidebar":"","neve_meta_container":"","neve_meta_enable_content_width":"off","neve_meta_content_width":70,"neve_meta_title_alignment":"","neve_meta_author_avatar":"","neve_post_elements_order":"","neve_meta_disable_header":"","neve_meta_disable_footer":"","neve_meta_disable_title":"","footnotes":""},"class_list":["post-28","page","type-page","status-publish","has-post-thumbnail","hentry"],"_links":{"self":[{"href":"https:\/\/multeciler.org.tr\/eng\/wp-json\/wp\/v2\/pages\/28","targetHints":{"allow":["GET"]}}],"collection":[{"href":"https:\/\/multeciler.org.tr\/eng\/wp-json\/wp\/v2\/pages"}],"about":[{"href":"https:\/\/multeciler.org.tr\/eng\/wp-json\/wp\/v2\/types\/page"}],"author":[{"embeddable":true,"href":"https:\/\/multeciler.org.tr\/eng\/wp-json\/wp\/v2\/users\/1"}],"replies":[{"embeddable":true,"href":"https:\/\/multeciler.org.tr\/eng\/wp-json\/wp\/v2\/comments?post=28"}],"version-history":[{"count":1,"href":"https:\/\/multeciler.org.tr\/eng\/wp-json\/wp\/v2\/pages\/28\/revisions"}],"predecessor-version":[{"id":6736,"href":"https:\/\/multeciler.org.tr\/eng\/wp-json\/wp\/v2\/pages\/28\/revisions\/6736"}],"wp:featuredmedia":[{"embeddable":true,"href":"https:\/\/multeciler.org.tr\/eng\/wp-json\/wp\/v2\/media\/3547"}],"wp:attachment":[{"href":"https:\/\/multeciler.org.tr\/eng\/wp-json\/wp\/v2\/media?parent=28"}],"curies":[{"name":"wp","href":"https:\/\/api.w.org\/{rel}","templated":true}]}}