{"id":21,"date":"2025-01-01T16:46:57","date_gmt":"2025-01-01T13:46:57","guid":{"rendered":"http:\/\/multeciler.org.tr\/eng\/?page_id=21"},"modified":"2025-01-07T14:05:15","modified_gmt":"2025-01-07T11:05:15","slug":"press-room","status":"publish","type":"page","link":"https:\/\/multeciler.org.tr\/eng\/press-room\/","title":{"rendered":"Corporate Identity"},"content":{"rendered":"<p><img fetchpriority=\"high\" decoding=\"async\" class=\"size-full wp-image-3647 aligncenter\" src=\"https:\/\/multeciler.org.tr\/eng\/wp-content\/uploads\/2020\/11\/multeciler-dernegi-mockup-v1.jpg\" alt=\"Corporate Identity\" width=\"1000\" height=\"500\" srcset=\"https:\/\/multeciler.org.tr\/eng\/wp-content\/uploads\/2020\/11\/multeciler-dernegi-mockup-v1.jpg 1000w, https:\/\/multeciler.org.tr\/eng\/wp-content\/uploads\/2020\/11\/multeciler-dernegi-mockup-v1-300x150.jpg 300w, https:\/\/multeciler.org.tr\/eng\/wp-content\/uploads\/2020\/11\/multeciler-dernegi-mockup-v1-768x384.jpg 768w\" sizes=\"(max-width: 1000px) 100vw, 1000px\" \/><\/p>\n<p>Different using form of logos of Refugees Association are below. You can download by clicking on them. You can contact with us for your logo requests in different forms.<\/p>\n<h4>Refugees Association Turkish Logos<\/h4>\n<p><a href=\"https:\/\/multeciler.org.tr\/wp-content\/uploads\/multeciler-dernegi-turkce-logo.ai\" target=\"_blank\" rel=\"attachment wp-att-16564 noopener noreferrer\"><img decoding=\"async\" class=\"alignnone size-full wp-image-16564\" title=\"M\u00fclteciler Derne\u011fi Vekt\u00f6rel Logo\" src=\"https:\/\/multeciler.org.tr\/wp-content\/uploads\/2019\/12\/multeciler-dernegi-vektorel-logo-v1.jpg\" alt=\"M\u00fclteciler Derne\u011fi Vekt\u00f6rel Logo G\u00f6rseli \u0130ndir\" width=\"150\" height=\"150\" \/><\/a> <a href=\"https:\/\/multeciler.org.tr\/wp-content\/uploads\/2019\/12\/multeciler-dernegi-Turkce-yesil.jpg\" target=\"_blank\" rel=\"attachment wp-att-16582 noopener noreferrer\" data-rel=\"lightbox-image-0\" data-rl_title=\"\" data-rl_caption=\"\"><img decoding=\"async\" class=\"alignnone size-full wp-image-16582\" title=\"\" src=\"https:\/\/multeciler.org.tr\/wp-content\/uploads\/2019\/12\/multeciler-dernegi-jpg-logo-yesil-v1.jpg\" alt=\"M\u00fclteciler Derne\u011fi Logo\" width=\"150\" height=\"150\" \/><\/a> <a href=\"https:\/\/multeciler.org.tr\/wp-content\/uploads\/2019\/12\/multeciler-dernegi-Turkce-yesil-png.png\" target=\"_blank\" rel=\"noopener noreferrer\" data-rel=\"lightbox-image-1\" data-rl_title=\"\" data-rl_caption=\"\"><img loading=\"lazy\" decoding=\"async\" class=\"alignnone size-full wp-image-16580\" title=\"\" src=\"https:\/\/multeciler.org.tr\/wp-content\/uploads\/2019\/12\/multeciler-dernegi-png-logo-yesil-v1.jpg\" alt=\"M\u00fclteciler Derne\u011fi Ye\u015fil Logo\" width=\"150\" height=\"150\" \/><\/a> <a href=\"https:\/\/multeciler.org.tr\/wp-content\/uploads\/2019\/12\/multeciler-dernegi-Turkce-beyaz.png\" target=\"_blank\" rel=\"attachment wp-att-16577 noopener noreferrer\" data-rel=\"lightbox-image-2\" data-rl_title=\"\" data-rl_caption=\"\"><img loading=\"lazy\" decoding=\"async\" class=\"alignnone size-full wp-image-16577\" title=\"\" src=\"https:\/\/multeciler.org.tr\/wp-content\/uploads\/2019\/12\/multeciler-dernegi-png-logo-beyaz-v1.jpg\" alt=\"M\u00fclteciler Derne\u011fi Logo\" width=\"150\" height=\"150\" \/><\/a> <a href=\"https:\/\/multeciler.org.tr\/wp-content\/uploads\/2019\/12\/multeciler-dernegi-Turkce-yesil-zemin.jpg\" target=\"_blank\" rel=\"attachment wp-att-16584 noopener noreferrer\" data-rel=\"lightbox-image-3\" data-rl_title=\"\" data-rl_caption=\"\"><img loading=\"lazy\" decoding=\"async\" class=\"alignnone size-full wp-image-16584\" title=\"\" src=\"https:\/\/multeciler.org.tr\/wp-content\/uploads\/2019\/12\/multeciler-dernegi-jpg-logo-yesil-zemin-v1.jpg\" alt=\"M\u00fclteciler Derne\u011fi Logo\" width=\"150\" height=\"150\" \/><\/a><\/p>\n<h4>Refugees Association English Logos<\/h4>\n<p><a href=\"https:\/\/multeciler.org.tr\/wp-content\/uploads\/multeciler-dernegi-eng-logo.ai\" target=\"_blank\" rel=\"noopener noreferrer\"><img loading=\"lazy\" decoding=\"async\" class=\"alignnone size-full wp-image-16592\" title=\"Refugees Association logo Vectorial\" src=\"https:\/\/multeciler.org.tr\/wp-content\/uploads\/2019\/12\/refugees-ai-logo-v1.jpg\" alt=\"Refugees Association Vectorial\" width=\"150\" height=\"150\" \/><\/a> <a href=\"https:\/\/multeciler.org.tr\/wp-content\/uploads\/2019\/12\/refugees-eng-logo-green.jpg\" target=\"_blank\" rel=\"noopener noreferrer\" data-rel=\"lightbox-image-4\" data-rl_title=\"\" data-rl_caption=\"\"><img loading=\"lazy\" decoding=\"async\" class=\"alignnone size-full wp-image-16591\" title=\"\" src=\"https:\/\/multeciler.org.tr\/wp-content\/uploads\/2019\/12\/refugees-jpg-logo-green-v1.jpg\" alt=\"Refugees Association\" width=\"150\" height=\"150\" \/><\/a> <a href=\"https:\/\/multeciler.org.tr\/wp-content\/uploads\/2019\/12\/refugees-eng-logo-green-png.png\" target=\"_blank\" rel=\"attachment wp-att-16589 noopener noreferrer\" data-rel=\"lightbox-image-5\" data-rl_title=\"\" data-rl_caption=\"\"><img loading=\"lazy\" decoding=\"async\" class=\"alignnone size-full wp-image-16589\" title=\"\" src=\"https:\/\/multeciler.org.tr\/wp-content\/uploads\/2019\/12\/refugees-png-logo-green-v1.jpg\" alt=\"Refugees Association\" width=\"150\" height=\"150\" \/><\/a> <a href=\"https:\/\/multeciler.org.tr\/wp-content\/uploads\/2019\/12\/refugees-eng-logo-white.png\" target=\"_blank\" rel=\"attachment wp-att-16588 noopener noreferrer\" data-rel=\"lightbox-image-6\" data-rl_title=\"\" data-rl_caption=\"\"><img loading=\"lazy\" decoding=\"async\" class=\"alignnone size-full wp-image-16588\" title=\"\" src=\"https:\/\/multeciler.org.tr\/wp-content\/uploads\/2019\/12\/refugees-png-logo-white-v1.jpg\" alt=\"Refugees Association\" width=\"150\" height=\"150\" \/><\/a> <a href=\"https:\/\/multeciler.org.tr\/wp-content\/uploads\/2019\/12\/refugees-eng-logo-green-area.jpg\" target=\"_blank\" rel=\"attachment wp-att-16587 noopener noreferrer\" data-rel=\"lightbox-image-7\" data-rl_title=\"\" data-rl_caption=\"\"><img loading=\"lazy\" decoding=\"async\" class=\"alignnone size-full wp-image-16587\" title=\"\" src=\"https:\/\/multeciler.org.tr\/wp-content\/uploads\/2019\/12\/refugees-jpg-logo-green-area-v1.jpg\" alt=\"Refugees Association\" width=\"150\" height=\"150\" \/><\/a><\/p>\n<h4>Child and Youth Center Logos<\/h4>\n<p><a href=\"https:\/\/multeciler.org.tr\/wp-content\/uploads\/cogem-logo.ai\" rel=\"attachment wp-att-16607\"><img loading=\"lazy\" decoding=\"async\" class=\"alignnone size-full wp-image-16607\" title=\"\u00c7ocuk ve Gen\u00e7lik Merkezi\" src=\"https:\/\/multeciler.org.tr\/wp-content\/uploads\/2019\/12\/cocuk-ve-genclik-merkezi-logo-vektorel-v1.jpg\" alt=\"\u00c7OGEM Logo\" width=\"150\" height=\"150\" \/><\/a> <a href=\"https:\/\/multeciler.org.tr\/wp-content\/uploads\/2019\/12\/cocuk-ve-genclik-merkezi-logo-jpg.jpg\" rel=\"attachment wp-att-16605\" data-rel=\"lightbox-image-8\" data-rl_title=\"\" data-rl_caption=\"\"><img loading=\"lazy\" decoding=\"async\" class=\"alignnone size-full wp-image-16605\" title=\"\" src=\"https:\/\/multeciler.org.tr\/wp-content\/uploads\/2019\/12\/cocuk-ve-genclik-merkezi-logo-jpg-v1.jpg\" alt=\"\u00c7OGEM Logo\" width=\"150\" height=\"150\" \/><\/a> <a href=\"https:\/\/multeciler.org.tr\/wp-content\/uploads\/2019\/12\/cocuk-ve-genclik-merkezi-logo-png.png\" rel=\"attachment wp-att-16606\" data-rel=\"lightbox-image-9\" data-rl_title=\"\" data-rl_caption=\"\"><img loading=\"lazy\" decoding=\"async\" class=\"alignnone size-full wp-image-16606\" title=\"\" src=\"https:\/\/multeciler.org.tr\/wp-content\/uploads\/2019\/12\/cocuk-ve-genclik-merkezi-logo-png-v1.jpg\" alt=\"\u00c7ogem Logo\" width=\"150\" height=\"150\" \/><\/a><\/p>\n","protected":false},"excerpt":{"rendered":"<p>Different using form of logos of Refugees Association are below. You can download by clicking on them. You can contact with us for your logo requests in different forms. Refugees Association Turkish Logos Refugees Association English Logos Child and Youth Center Logos<\/p>\n","protected":false},"author":1,"featured_media":3647,"parent":0,"menu_order":0,"comment_status":"closed","ping_status":"closed","template":"","meta":{"neve_meta_sidebar":"","neve_meta_container":"","neve_meta_enable_content_width":"off","neve_meta_content_width":0,"neve_meta_title_alignment":"","neve_meta_author_avatar":"","neve_post_elements_order":"","neve_meta_disable_header":"","neve_meta_disable_footer":"","neve_meta_disable_title":"","footnotes":""},"class_list":["post-21","page","type-page","status-publish","has-post-thumbnail","hentry"],"_links":{"self":[{"href":"https:\/\/multeciler.org.tr\/eng\/wp-json\/wp\/v2\/pages\/21","targetHints":{"allow":["GET"]}}],"collection":[{"href":"https:\/\/multeciler.org.tr\/eng\/wp-json\/wp\/v2\/pages"}],"about":[{"href":"https:\/\/multeciler.org.tr\/eng\/wp-json\/wp\/v2\/types\/page"}],"author":[{"embeddable":true,"href":"https:\/\/multeciler.org.tr\/eng\/wp-json\/wp\/v2\/users\/1"}],"replies":[{"embeddable":true,"href":"https:\/\/multeciler.org.tr\/eng\/wp-json\/wp\/v2\/comments?post=21"}],"version-history":[{"count":1,"href":"https:\/\/multeciler.org.tr\/eng\/wp-json\/wp\/v2\/pages\/21\/revisions"}],"predecessor-version":[{"id":6743,"href":"https:\/\/multeciler.org.tr\/eng\/wp-json\/wp\/v2\/pages\/21\/revisions\/6743"}],"wp:featuredmedia":[{"embeddable":true,"href":"https:\/\/multeciler.org.tr\/eng\/wp-json\/wp\/v2\/media\/3647"}],"wp:attachment":[{"href":"https:\/\/multeciler.org.tr\/eng\/wp-json\/wp\/v2\/media?parent=21"}],"curies":[{"name":"wp","href":"https:\/\/api.w.org\/{rel}","templated":true}]}}